 x(c) = -4 + 2*c**2 - 3*c**2 + 5*c**2 + c**3 + 0*c**3 - 9*c. Give x(-6).
-22
Let n(c) = c - 1. Let u(x) = x**2 + 4*x + 4. Let o be u(-6). Let i = -3 + 14. Let z = o - i. Determine n(z).
4
Let l(g) = -4*g**2 - 4*g + 3. Let d = -8 - -11. Let i(b) = 5*b**2 + 5*b - 4. Let n(x) = d*i(x) + 4*l(x). Suppose 7*o = 4*o. Determine n(o).
0
Suppose 2*m - d + 0*d = 0, -m = d. Suppose -3*q + 8*q - 30 = m. Let o(g) = g - 6. Calculate o(q).
0
Let k(r) be the second derivative of -r**7/2520 + r**6/120 + r**5/15 + r**4/4 + 3*r. Let w(j) be the third derivative of k(j). Give w(6).
8
Let a(w) = w + 2. Let t be a(-6). Let o be -1 + (5 - t/(-2)). Let j(s) = -3*s + 1 - 2 - o. What is j(-3)?
6
Let p(g) = 4*g**2 + 2*g. Let f(r) = 4*r + 2. Let w be f(-1). What is p(w)?
12
Let g(h) = -5*h**2 + 5*h - 15. Let m(d) = -2*d**2 + 2*d - 7. Suppose 4*y + 0*y = -4*t - 8, 2*t + 1 = -y. Let b(q) = y*g(q) + 7*m(q). Calculate b(3).
2
Let z(v) = -v**3 + 5*v**2 + 6*v. Suppose 3*m = 4*x - 33, 5*x - 4*m = -3*m + 33. Determine z(x).
0
Let z(h) = -h**3 + 6*h**2 + 6*h + 9. Suppose 25*c - 14 = 23*c. What is z(c)?
2
Suppose 3*u - 4*s + 6 = -9, 4*u = 5*s - 19. Let f(m) = 3*m**3 - 2*m - 1. What is f(u)?
-2
Let f be 16/12*18/12. Let i(a) = -2*a. Give i(f).
-4
Let f(w) = w**2 + w. Let c(d) = d**3 + 11*d**2 + 11*d. Let h(s) = -c(s) + 4*f(s). Determine h(-6).
6
Let g(s) = 2*s**2 - 6*s. Let z(x) = x - 5. Let c be z(4). Let d be 4 + (2/c - -2). What is g(d)?
8
Let l(t) = -t**3 + 3*t**3 - 3*t**3 + 2 - t. Let p be l(0). Let c(o) be the third derivative of -o**6/120 + o**5/20 + o**3/3 - o**2. What is c(p)?
6
Let g(h) = -8*h**2 + 2*h - 1. Suppose -1 = 2*p + f - 2, -3*f - 12 = p. Let o be ((-6)/2)/((-6)/4). Suppose j - o = -p*y, 5*y - 3*j = -8*j. Calculate g(y).
-7
Let a(t) = -t - 3. Let c be a(-6). Let r(d) = 2 - 1 + 0. Let v(w) = w**2 - 4. Let i(p) = 3*r(p) + v(p). Determine i(c).
8
Let f(l) = -2 + 3 + l**2 + 4*l + 2*l - 3. What is f(-5)?
-7
Let a(w) be the third derivative of w**5/60 - w**4/4 + 2*w**3/3 - 3*w**2. Give a(6).
4
Let n(g) = 6 - 2*g - 2*g + 3*g. Suppose 0 = 8*o - 39 - 1. Calculate n(o).
1
Let d = -4 - 1. Let x(b) = 4 - 3*b - b + 1 - 6*b**2 - b**3. What is x(d)?
0
Let p(y) be the first derivative of -y**4/4 + 2*y**3/3 + y**2 + y - 3. Let d(l) be the second derivative of -l**3/6 + l**2/2 + l. Let f be d(-2). What is p(f)?
-2
Let s(d) = d**3 + 2*d**2 - 3*d - 2. Let a be s(-2). Let f(j) = j**3 - 8*j**2 + 7*j + 5. Let x be f(7). Let b(h) = x - 5*h + 5*h + h. What is b(a)?
9
Let p(n) = 3*n - 3 + 1 + 1. Suppose -2*c = -3*c + 4. Let a be c/10 - (-6)/10. What is p(a)?
2
Let n(r) = -r**3 - 6*r**2. Suppose 0 = -3*h + 2*m + 7, -4*h + 6*m + 7 = m. Suppose 3*d + h*i = -0 - 3, -5*d = -3*i + 45. What is n(d)?
0
Let v(m) = -11*m - 11. Let r(k) = 5*k + 5. Let g(n) = 9*r(n) + 4*v(n). What is g(5)?
6
Let z(a) be the first derivative of a**3/3 - 2*a**2 - 4*a + 4. Determine z(6).
8
Suppose -6 - 11 = -3*r - 4*n, 4*r - 3*n - 6 = 0. Let u(y) be the third derivative of 0*y + 0 - 1/3*y**3 + y**2 + 1/12*y**4. Calculate u(r).
4
Let v = 11 + -14. Let u(n) = n**2 - n - 1. Let l(w) = -9*w**2 - 4*w - 3. Let y(a) = v*u(a) + l(a). Determine y(1).
-13
Let y(c) = c - 1. Suppose 2*m + 5 = -z, -18 = 3*z - 3*m + 42. Let i be 2/10 + 48/z. Let t be y(i). Let q(l) = -l**2 - 5*l. Calculate q(t).
4
Let a(s) = s - 2. Let r(o) = 2. Let c(l) = 2*a(l) + 4*r(l). Let z be (0 - -5)/(-6 + 5). Determine c(z).
-6
Let q(p) = -4*p**2 + 4*p - 4. Let i(r) = -9*r**2 + 9*r - 9. Let b(x) = -3*i(x) + 7*q(x). Determine b(2).
-3
Suppose 5*s - 4*h - 2 = 0, 0 = -s + h + 2 - 1. Let f(d) = d**3 + d + 2. What is f(s)?
-8
Let x(h) = h + 1. Let c(l) = -l**3 - l**2 + l - 3. Let r be c(0). Let v = -9 - r. Determine x(v).
-5
Let a = 6 - 6. Suppose 0 = p - a - 2. Let r(l) = -l**2 + 3*l**3 - l**3 - 2*l**2. What is r(p)?
4
Let u(b) = -b + 3. Let g(i) = 6*i - 16. Let h(w) = 3*g(w) + 16*u(w). What is h(-3)?
-6
Let d(g) = -4*g - 105. Let i be d(-26). Let l(c) = -c**3 + c**2 + c. Give l(i).
1
Let g(n) = n**2 - 3*n + 1. Let y be 3/(-4) - (-19)/4. Let j be 6/y*(-4)/(-3). Determine g(j).
-1
Suppose -5*h - 1 = 4*b, -3*h + 3*b - 5*b + 1 = 0. Let n(o) = 2*o - 2. What is n(h)?
4
Let a(t) = 0*t**3 + 20*t**3 - 13*t**3. Calculate a(-1).
-7
Let o(l) = -5*l**3 - 2*l**2 + 1. Let b(u) = -u**3 + 13*u**2 - 2*u + 27. Let y be b(13). Give o(y).
-6
Let a(l) = l**2 + 5 + 0 - 2*l + 4*l + 0 - 1. Let v be 13/(-5) + (-4)/10. Calculate a(v).
7
Let x(a) = -12 + 26 + 3*a**2 - 13. Calculate x(1).
4
Let q(c) = -5*c**3 + c. Suppose 4*d - 7 = -5*i, 3*i = -2*d + 2 + 1. What is q(i)?
4
Let j = -5 + 10. Let u(i) = -i**3 + 4*i**2 + 2*i + 4. Let o be u(j). Let f be (-2)/11 - 2/o. Let l(b) = b**3 - b**2 - 9. Determine l(f).
-9
Let l be 21/(-14) + 1/2. Let y be -3 - (-1 - l)/(-3). Let v(k) = -2*k**2 - 2*k + 3. Calculate v(y).
-9
Let d(j) = 2*j**2 - 5*j + 2. Suppose -2*y + 8 = -0*y. Suppose 3*w = -3*f + 2*f + 9, -5*w - y*f + 8 = 0. Suppose w*u - 4 = 8. Give d(u).
5
Let c(p) = -p**2 + 7*p + 2. Suppose -96 = -5*y - 3*n, -4*y + 2*n + 3*n = -62. Let m = y - 12. Give c(m).
8
Let s(m) = -2*m - 1. Let z(r) = r + 4. Let k be z(0). Suppose 0 = -5*y + k*y + 2. Give s(y).
-5
Let k(n) = -n**2 - 4*n - 3. Let i be 5/2*(-3 + 1). What is k(i)?
-8
Let x = 5 - 0. Let f(h) = 2*h**2 - 10*h + 3. Let j(k) = 2*k**2 - 9*k + 3. Let a(b) = x*j(b) - 4*f(b). Suppose -4*g + 9 = -g. What is a(g)?
6
Let a(z) = 7*z**2 + 13*z + 3. Let r(l) = 11*l**2 + 20*l + 5. Let w(c) = -8*a(c) + 5*r(c). Determine w(-4).
1
Suppose 3*v = -2*z - 11, -5*v + 15 = -7*z + 2*z. Let w = z + -1. Let q(f) = 7*f + f**2 - f + f + 4. Calculate q(w).
-6
Suppose 0 = -3*r + 3*t - 0*t + 3, r = -2*t + 7. Suppose -17 = 4*u + r, -14 = -k + 2*u. Let x(f) = f - 5. What is x(k)?
-1
Let s(v) = v**2 - 7*v + 7. Let u be s(6). Suppose 0 = -0*m - 3*m. Let b(y) = y - y**2 - u + 4 + m*y. Determine b(3).
-3
Suppose 0 - 4 = o. Let t(g) = g**3 - g**2 - g. Let n(k) = -3*k**3 + 7*k**2 + k + 5. Let j(q) = -n(q) - 4*t(q). What is j(o)?
-1
Let w(l) be the second derivative of -l**3/6 - 5*l**2/2 - 10*l. Give w(-10).
5
Let a be 0 + 0 + (-2)/(-3). Let d(f) be the first derivative of 3*f - f**2 - a*f**3 + 3 + 1/4*f**4. Determine d(3).
6
Let g(z) = -z**3 - 4*z**2 - z - 1. Let v = 30 + -32. What is g(v)?
-7
Suppose f = 2*f + 2. Let a(v) = -v + 1. Let t(w) = -2*w - 5. Let r(z) = 2*a(z) + t(z). Give r(f).
5
Let f(m) = -5*m - 1. Let g(a) = -4*a. Let c(l) = 2*f(l) - 3*g(l). Let t = -6 - -4. Determine c(t).
-6
Let q be (-16)/(-56) - (-1)/(14/(-88)). Let r(v) = -v**2 - 5*v - 1. Give r(q).
-7
Let r(f) be the second derivative of f**5/60 - f**4/12 - f**3/6 - 2*f**2 + 2*f. Let x(w) be the first derivative of r(w). Give x(4).
7
Let u = -10 - -15. Suppose -u = -g - 3. Suppose 0 = 4*k + g + 2. Let b(c) = -3*c**3. Calculate b(k).
3
Let q(s) = s + 0*s + s**2 - s**3 + 3*s - 3 + 0. Determine q(2).
1
Let l(c) = c**3 + c**2 - 2*c - 2. Let i be (1 - 0)/((-3)/(-6)). Suppose -2*f + i*y - 2 = 0, 3*f + 2*f = 2*y - 8. Give l(f).
-2
Let y = 18 - 19. Let v(z) = -4*z**3 - z**2. What is v(y)?
3
Let c(x) = -4*x - 1. Suppose 12 = 3*s - 0. Let y(k) = -k**2 + 3*k + 3. Let a be y(s). Let d(i) = -i**3 - i**2 + 1. Let t be d(a). What is c(t)?
-5
Suppose -n = 2*n + 15. Let q(v) = 6*v**2 - 6 + 1 + v**3 + 3 + 3*v. Determine q(n).
8
Let j(v) = v**3 + 5*v**2 - 3*v - 10. Let u(h) = -h**3 - 6*h**2 + 4*h + 10. Let x = -12 + 7. Let p(c) = x*j(c) - 4*u(c). Give p(0).
10
Suppose -3*v - 3 = -12. Let t(s) = -s - 3*s**2 - 5 + 6 + 2*s**3 - v*s**3. Determine t(-3).
4
Let r(f) be the third derivative of -f**5/60 - 7*f**4/24 - f**3/6 + 11*f**2. Let h = -14 - -8. Give r(h).
5
Let i be 12/2 - (1 + -1). Suppose 0 = -3*o + i*o. Let y(m) = 0 + o + m. Determine y(-5).
-5
Let f(g) = g**3 + 4*g**2 - 5*g + 2. Let u(d) = d + 5. Let c be u(13). Let a = -23 + c. Determine f(a).
2
Let w(v) = -v**2 + 8*v + 3. Let y(s) = s**3 + 12*s**2 - 13*s + 8. Let q be y(-13). Determine w(q).
3
Let x be (2 + -4)*(-1 - 0). Let s be (x + -2)/(-1 + 2). Suppose 3*o - 9 = -s*o. Let t(u) = u**3 - 3*u**2 + 3*u - 4. Calculate t(o).
5
Suppose 0*b - 3*b + 3 = 0. Let s be 4/3*(-4 + b). Let h(w) = -w**3 - 3*w**2 + 4*w - 3. Calculate h(s).
-3
Let d(k) = -k - 4. Let u = 6 - 17. Let h = u + 8. Give d(h).
-1
Suppose 0*b - b + 2 = 0. Let z(o) = 10*o**2 - 4*o + 2. Let d be z(b). Suppose -m +